2*3/18) + m. Suppose b*n + 699 = 30*n. Is n a composite number?
False
Suppose c - 20416 - 1844 = -5*m, m = -5. Let d = 35370 - c. Is d composite?
True
Let q(o) = -920*o - 1233. Is q(-68) a composite number?
True
Let u be (6*(-30)/(-27))/((-2)/(-192)). Suppose 26*n + u = 31*n. Suppose -n*g = -130*g + 1790. Is g a prime number?
False
Suppose -2*i = -i + 4*i. Suppose i = 4*u + 17 - 5. Is -3 + 6 + u + 1139 composite?
True
Let b = 8257 - 4567. Suppose 260 - b = -5*q. Let m = -307 + q. Is m a prime number?
True
Suppose 52*s - 13106905 - 6517531 = 0. Is s a prime number?
True
Let t(n) = 230*n**3 + 48*n**2 + 3*n + 18. Is t(7) prime?
True
Suppose 20*p - 16*p = 217640. Suppose 0 = -b - l + 10884, -5*b + 5*l = -0*l - p. Is b composite?
False
Let t(v) = -2*v - 9. Let p be t(-7). Let c be 6 - (-1 + -5 + p). Suppose c*a + 6224 = 15*a. Is a prime?
False
Let w(z) = 253*z**3 - z**2 + 2*z - 3. Let p be (-8 + 7)*(0 + 1)*-1. Is w(p) composite?
False
Let h(m) = -m**3 + 6*m**2 + 2*m - 5. Let y be h(6). Suppose 3*k + y = -2, d - k = 652. Is (-10)/(-15) + d/3 a composite number?
True
Let w = 63 + -57. Is w/(-4 - 2)*-1357 a prime number?
False
Let a = -337 + 345. Suppose -a*p + 3575 = -513. Is p prime?
False
Suppose 15*g - 88*g + 24182750 = 177*g. Is g a prime number?
True
Let y = -17 + 51. Let b = -32 + y. Suppose -516 = -2*h + 5*q, -h - b*h + 763 = -2*q. Is h prime?
False
Let w be 6/8 + (-15)/20. Suppose l - 5*k + 849 = w, -2637 = 3*l + k + 2*k. Is -1 + 1 - -3 - l prime?
True
Let k(v) = 77*v**2 + 155*v + 57. Is k(26) prime?
False
Let p(r) = -5*r - 27. Let y = 29 - 29. Suppose y*c = 4*c - x + 55, 3*c + 41 = x. Is p(c) prime?
True
Suppose 194*q - 368010 = 204*q. Let g = 54092 + q. Is g composite?
False
Suppose 8*j = 4*k + 11*j - 3418, 0 = 4*j - 8. Suppose -10*f + 2217 = -k. Is f a composite number?
False
Let n(p) = 410*p + 30. Let t(q) = 1231*q + 90. Let x(a) = -8*n(a) + 3*t(a). Is x(7) a composite number?
True
Let a be 10/15 + (-4166)/3. Suppose c - 3801 = 484. Let k = a + c. Is k composite?
False
Let o = -4071229 + 6987380. Is o a composite number?
True
Let r(p) = -76*p - 15. Suppose 0 = g + 5*z + 21, -3*z = -3*g - 49 - 86. Is r(g) a composite number?
True
Let s(b) = -3*b + 91 - 386 - b**2 - 319. Let w be s(0). Let m = w + 865. Is m a composite number?
False
Suppose 134*r = 136*r - 6. Is (2333*1/r)/(2/6) a prime number?
True
Let g be (-20)/30*(-45)/2. Let r = g + -13. Is 1 - r - -1*1172 a composite number?
False
Let t be (3 + -1 - 3)*-4. Suppose -3*o - 10 = -1, t*l + 545 = -3*o. Let h = 451 + l. Is h a composite number?
False
Let g = 303337 - 204474. Is g composite?
True
Let x(b) = -3*b**3 - 34*b**2 - 18*b + 23. Let s be 15/(-35) - (-190)/(-14). Is x(s) prime?
False
Let n(r) = 18*r**3 - 23*r**2 - 42*r - 64. Is n(21) a composite number?
False
Let j(m) = 1478*m**3 - 2293*m**2 + 2293*m**2 + 2 - 3. Is j(1) composite?
True
Is (-20)/80 - (-8716581)/84 - 6/(-14) composite?
False
Let q(m) = 188*m**3 - 3*m**2 + 7*m - 10. Let o be q(2). Let p = o - -1457. Is p composite?
False
Suppose 1178 + 1717 = -2*y + 3*f, y = 2*f - 1449. Let w = y - -2265. Suppose g - w = 1071. Is g a composite number?
True
Suppose -3*p - 1461 = -5*h, -2*h + 9*p = 4*p - 592. Let t = 751 + h. Is t a composite number?
True
Suppose 5*p - 5*x + 5 = -0*p, -2*x - 6 = -4*p. Let g = 367 + 2411. Is g + (3 - 0) - p a composite number?
False
Let j(l) = 27*l**2 - 10*l + 9. Let o be j(1). Let a(p) = p**2 - 26*p + 4. Let k be a(o). Suppose -5*h + 378 - 20 = 4*g, 5*h - k*g - 382 = 0. Is h composite?
True
Is (((-28267965)/60)/(-11))/((-3)/(-4)) prime?
True
Suppose s + 2 = u - 4, u - 18 = -5*s. Suppose 0 = 4*x + 4*o - 2200, x = 3*o + 351 + 183. Suppose -u*l + x = -2*l. Is l prime?
False
Let g(k) = 4*k**2 + 5*k + 14. Suppose 0 = 2*f - 34 - 36. Suppose 0*a = 2*s - 2*a + 28, 5*s = -2*a - f. Is g(s) a composite number?
False
Suppose -a - 2*x = -6, 5*x - 5 - 10 = 0. Suppose 2*c + 5*u - 2098 = a, 2*u - 4*u = -5*c + 5187. Suppose 2*r = c + 43. Is r a prime number?
True
Suppose -3*z + 765098 = g, 0 = -5*z - 111*g + 108*g + 1275170. Is z prime?
False
Let x = -65424 + 102397. Is x a composite number?
False
Let a(x) = 3*x - 30. Let g(u) = 3*u - 31. Let d(o) = -3*a(o) + 2*g(o). Let r be d(8). Suppose -r*i = -i + 2*n - 2749, 3*n = -2*i + 1831. Is i composite?
True
Let s be (5/(-3))/(1/(-51)). Suppose 6*g - 63 - 435 - 210 = 0. Let d = g - s. Is d composite?
True
Let l = 350 - 342. Let a be 1 - 0 - 6704/(-2). Suppose -f - a = -l*f. Is f a composite number?
False
Suppose -w - 352*p + 259059 = -357*p, -7*p = 5*w - 1295551. Is w composite?
False
Let j = 10563 - -163900. Is j prime?
False
Let s = 695772 - -598121. Is s a prime number?
False
Suppose w - 24735 = 5*b, -3*b - 5*w - 22075 = -7234. Let d = b + 9520. Is d composite?
True
Suppose 0 = 61*t - 38008106 - 7493685. Is t a prime number?
True
Let d(t) = t**3 - 3*t**2 - 6*t + 4. Let r be d(4). Let g be 70/r*4/(-5). Is 6122/g - 4/14 a prime number?
False
Let h be 4/12*(-1)/(1/(-6)). Suppose 77755 = 5*z + 3*g, g = -h*z - 2*g + 31102. Is z composite?
False
Is -1*1321727/44*-4 composite?
False
Suppose -u = 5*i - 24, 3*u = 2*i + 2*i - 23. Let c be (-3 - 33/(-12))*(u + 1). Suppose c*t - 4367 = -t - 2*r, 5*t + 3*r = 21856. Is t prime?
True
Let l(u) = u**2 + 3*u + 4. Let m be l(-5). Suppose 10*h - m*h = -58076. Is h a prime number?
True
Let d(s) = 5*s**3 - 102*s**2 + 27*s - 129. Is d(32) prime?
True
Let h = 269 - 265. Is 3195/h + (-8)/(-32) a composite number?
True
Let u(k) = 2*k**2 - 4*k - 2. Let z be u(3). Suppose -3 = i + 2*v, -z*i + 3*v + 10 = -11. Suppose n + 1534 = i*m - 706, 725 = m + 4*n. Is m composite?
True
Suppose 2536 + 1091 = y - 5*l, 18030 = 5*y - 4*l. Let h = 639 + y. Is h composite?
False
Is ((-102)/(-17) - -4) + 38073 composite?
False
Let w(q) = -593*q + 1109. Is w(-46) composite?
False
Suppose -9 = -l - 2*l. Suppose -5*g + l*h + 8 + 7 = 0, 3*g - h = 5. Suppose -17*p + 3924 + 139 = g. Is p a composite number?
False
Let i be (4/(-6))/((-11)/(-13893)). Let u be -1 - -2*i/(-4). Let t = u + 34. Is t prime?
False
Suppose -3*i + 4 = k, -i = -4*k + 36 - 7. Let m(u) = 102*u - 13. Is m(k) composite?
False
Let w(n) = -383*n + 3360. Is w(-47) prime?
False
Suppose 0 = -2*m - 3*m - 5*f + 235, -131 = -3*m - f. Suppose 68 = -5*d - m. Let g(y) = 3*y**2 + 35*y + 45. Is g(d) composite?
False
Let q = 36 + 24. Is (6/(-4) - -1)/((-3)/q) a prime number?
False
Let v(n) = 932*n**3 + 67*n**2 + 23*n - 527. Is v(12) a composite number?
True
Let t(c) = -66*c + 137. Suppose -5*j = -5*m - 11 + 41, 3*m + 42 = -3*j. Is t(j) a prime number?
True
Let z be ((-18)/(-6) + -4)/(-1)*-1. Is 3103 - -1*(z + 7) a prime number?
True
Let p(i) = 49410*i**3 + 23*i - 24. Is p(1) a composite number?
False
Suppose -9*l = 5*l - 36246. Suppose 20190 = 9*s - l. Is s prime?
True
Let f = 4984 - 2699. Suppose o + 4*r - 1123 = 0, -2*o + 10*r + f = 5*r. Is o a composite number?
True
Let j(t) = -8*t - 59. Let c be j(-8). Suppose 10*a - 4*s - 20877 = 5*a, 20891 = c*a + 3*s. Is a a composite number?
False
Suppose -66 = -8*g + 94. Suppose 9*m - 13*m = -g. Is ((-27610)/(-275))/(1 - 3/m) a composite number?
False
Suppose -5*c = -5*h + 297315, 123*c - 237872 = -4*h + 122*c. Is h a composite number?
False
Let o(b) = 38*b + 79048. Let y be o(0). Suppose -4537 = 9*l - y. Is l a prime number?
False
Suppose -39*a + 5840588 = 29*a. Is a a prime number?
False
Suppose -2*f + 11 = -5*y, y = 3*f + 4*y + 15. Let h(s) = 299*s**2 - 7*s - 7. Is h(f) composite?
True
Let w = -3759 + 59042. Is w prime?
False
Let u = -10964 - -20975. Suppose -u = -2*y - 2*y - w, 4*w + 4 = 0. Is y a prime number?
True
Let j(i) = 729*i**2 - 287*i + 7. Is j(3) prime?
False
Suppose -3*f + 2*s + 316105 = 0, -5*f + 74*s = 77*s - 526886. Is f a composite number?
False
Suppose -40*j - 2 = -41*j. Suppose -a + 59343 = 3*n + 2*a, -j*a = -n + 19769. Suppose -3847 = -8*y + n. Is y prime?
True
Let n = 1419 + 8718. Suppose -n = -37*p + 34*p. Is p composite?
True
Let n = -956 + 1427. Suppose -479*b = -n*b - 7288. Is b composite?
False
Suppose 7*p = -10270 - 2162. Let i = 4467 - p. Is i a prime number?
False
Is 422006 + (3 - (8 + -4)) a prime number?
False
Let h(l) = 19424*l**2 - 3*l + 9. Is h(-2) composite?
False
Let b = 25157 - 12255. Is b a composite number?
True
Suppose 6*t - 2284 = 20